{"id":56,"date":"2025-10-06T17:37:41","date_gmt":"2025-10-06T17:37:41","guid":{"rendered":"https:\/\/reitstall-peters.de\/?page_id=56"},"modified":"2025-10-06T17:37:42","modified_gmt":"2025-10-06T17:37:42","slug":"startseite","status":"publish","type":"page","link":"https:\/\/reitstall-peters.de\/","title":{"rendered":"Startseite"},"content":{"rendered":"<div class=\"\" style=\"\" >\n  \n    <section class=\"u-align-center u-clearfix u-container-align-center u-container-align-center-lg u-container-align-center-xl u-palette-1-light-1 u-valign-middle-xs u-section-1\" id=\"carousel_91ec\">\n      <div class=\"u-align-center u-container-align-center u-container-style u-expanded-width u-group u-image u-shading u-image-1\" data-image-width=\"1333\" data-image-height=\"682\" style=\"background-image: linear-gradient(0deg, rgba(0, 0, 0, 0.01), rgba(0, 0, 0, 0.01)), url(&quot;https:\/\/reitstall-peters.de\/wp-content\/uploads\/2025\/10\/foto-nneu.jpg&quot;);\">\n        <div class=\"u-container-layout u-container-layout-1\">\n          <h1 class=\"u-align-center u-text u-text-body-alt-color u-text-1\" data-animation-name=\"customAnimationIn\" data-animation-duration=\"1500\" data-animation-delay=\"500\"><span style=\"font-size: 3rem;\">Pferdesport und Erholung <\/span><span style=\"font-size: 2.25rem;\">\n              <br>in Baitz im Fl\u00e4ming<\/span>\n            <br>\n          <\/h1>\n        <\/div>\n      <\/div>\n      <div class=\"u-container-style u-expanded-width u-group u-palette-1-base u-group-2\">\n        <div class=\"u-container-layout u-valign-top u-container-layout-2\">\n          <p class=\"u-text u-text-2\">Wir widmen uns der Pferdezucht, Pensionshaltung und Ausbildung von Pferd\n und Reiter. Wir bieten Reiturlaub und Reitunterricht f\u00fcr Kinder und \nErwachsene. Auf dem Bauernhof f\u00fchren wir im Naturpark Hoher Fl\u00e4ming eine\n Wanderreitstation und vermieten Ferienwohnungen. Reithalle, Grillplatz,\n Liegewiese, Fahrr\u00e4der, Reiterstube stehen zur Verf\u00fcgung. Kinder k\u00f6nnen \nin den Ferien auch Urlaub ohne Eltern verbringen.\u200b Und es wird sicher nie langweilig, aber auf alle F\u00e4lle erholsam bei uns in Baitz.<br>\n          <\/p>\n        <\/div>\n      <\/div>\n    <\/section>\n    <section class=\"u-clearfix u-valign-middle-md u-valign-middle-sm u-section-2\" id=\"carousel_5adf\">\n      <div class=\"data-layout-selected u-clearfix u-expanded-width u-gutter-0 u-layout-wrap u-radius u-layout-wrap-1\">\n        <div class=\"u-layout\">\n          <div class=\"u-layout-row\">\n            <div class=\"u-align-center u-container-align-center u-container-style u-layout-cell u-left-cell u-palette-1-light-1 u-shape-rectangle u-size-60 u-layout-cell-1\" data-animation-name=\"flipIn\" data-animation-duration=\"1500\" data-animation-delay=\"700\" data-animation-direction=\"X\">\n              <div class=\"u-container-layout u-valign-bottom-xs u-container-layout-1\">\n                <div class=\"custom-expanded u-list u-list-1\">\n                  <div class=\"u-repeater u-repeater-1\">\n                    <div class=\"u-container-style u-list-item u-radius u-repeater-item u-shape-round u-white u-list-item-1\" data-animation-name=\"customAnimationIn\" data-animation-duration=\"1500\" data-animation-delay=\"500\">\n                      <div class=\"u-container-layout u-similar-container u-container-layout-2\">\n                        <img decoding=\"async\" class=\"custom-expanded u-image u-image-default u-preserve-proportions u-image-1\" src=\"https:\/\/reitstall-peters.de\/wp-content\/uploads\/2025\/10\/hof.jpg\" alt=\"\" data-image-width=\"2312\" data-image-height=\"1734\">\n                        <h4 class=\"u-align-left u-text u-text-1\">&nbsp;&nbsp;&nbsp;&nbsp;&nbsp;&nbsp;&nbsp;&nbsp;&nbsp; Reitstall<\/h4>\n                        <p class=\"u-align-left u-text u-text-2\">Pensionsstall und mehr<br>seit 1990, Ausbildung f\u00fcr<br>Pferde und Reiter!<br>\n                        <\/p>\n                        <a href=\"https:\/\/reitstall-peters.de\/?page_id=54\" class=\"u-btn u-btn-round u-button-style u-hover-palette-1-light-1 u-palette-1-base u-radius u-btn-1\" title=\"Reitstall\">Mehr Infos<\/a>\n                      <\/div>\n                    <\/div>\n                    <div class=\"u-container-style u-list-item u-radius u-repeater-item u-shape-round u-video-cover u-white u-list-item-2\" data-animation-name=\"customAnimationIn\" data-animation-duration=\"1500\" data-animation-delay=\"500\">\n                      <div class=\"u-container-layout u-similar-container u-container-layout-3\">\n                        <img decoding=\"async\" class=\"custom-expanded u-image u-image-default u-preserve-proportions u-image-2\" src=\"https:\/\/reitstall-peters.de\/wp-content\/uploads\/2025\/10\/2025.jpg\" alt=\"\" data-image-width=\"1200\" data-image-height=\"1600\">\n                        <h4 class=\"u-align-left u-text u-text-3\">&nbsp;&nbsp;&nbsp;&nbsp;&nbsp; Reiterferien <\/h4>\n                        <p class=\"u-align-left u-text u-text-4\">F\u00fcr Klein und Gro\u00df, auch<br>f\u00fcr Wanderreiter ist Platz<br>bei uns in Baitz.<br>\n                        <\/p>\n                        <a href=\"https:\/\/reitstall-peters.de\/?page_id=50\" class=\"u-btn u-btn-round u-button-style u-hover-palette-1-light-1 u-palette-1-base u-radius u-btn-2\" title=\"Reiterferien\">Mehr Infos<\/a>\n                      <\/div>\n                    <\/div>\n                    <div class=\"u-container-style u-list-item u-radius u-repeater-item u-shape-round u-video-cover u-white u-list-item-3\" data-animation-name=\"customAnimationIn\" data-animation-duration=\"1500\" data-animation-delay=\"500\">\n                      <div class=\"u-container-layout u-similar-container u-container-layout-4\">\n                        <img decoding=\"async\" class=\"custom-expanded u-image u-image-default u-preserve-proportions u-image-3\" src=\"https:\/\/reitstall-peters.de\/wp-content\/uploads\/2025\/10\/Fohlen-Tuer-2025.jpg\" alt=\"\" data-image-width=\"521\" data-image-height=\"685\">\n                        <h4 class=\"u-align-left u-text u-text-5\">&nbsp;&nbsp;&nbsp;&nbsp; Pferdezucht<\/h4>\n                        <p class=\"u-align-left u-text u-text-6\">Seit Jahrzehnten erfolgreiche<br>und pr\u00e4mierte Pferdezucht,<br>Sport-und Freizeitpferde.<br>\n                        <\/p>\n                        <a href=\"https:\/\/reitstall-peters.de\/?page_id=52\" class=\"u-btn u-btn-round u-button-style u-hover-palette-1-light-1 u-palette-1-base u-radius u-btn-3\" title=\"Pferdezucht\">Mehr Infos<\/a>\n                      <\/div>\n                    <\/div>\n                    <div class=\"u-container-style u-list-item u-radius u-repeater-item u-shape-round u-video-cover u-white u-list-item-4\" data-animation-name=\"customAnimationIn\" data-animation-duration=\"1500\" data-animation-delay=\"500\">\n                      <div class=\"u-container-layout u-similar-container u-container-layout-5\">\n                        <img decoding=\"async\" class=\"custom-expanded u-image u-image-default u-preserve-proportions u-image-4\" src=\"https:\/\/reitstall-peters.de\/wp-content\/uploads\/2025\/10\/rfv-schwanebeck.jpg\" alt=\"\" data-image-width=\"491\" data-image-height=\"600\">\n                        <h4 class=\"u-align-left u-text u-text-7\">&nbsp; Turnier + Verein<br>\n                        <\/h4>\n                        <p class=\"u-align-left u-text u-text-8\">Der Reitstall Peters und der Verein RFV Schwanebeck bieten mehrere Events an.<br>\n                        <\/p>\n                        <a href=\"https:\/\/reitstall-peters.de\/?page_id=51\" class=\"u-btn u-btn-round u-button-style u-hover-palette-1-light-1 u-palette-1-base u-radius u-btn-4\" title=\"Verein\">Veranstaltungen<\/a>\n                      <\/div>\n                    <\/div>\n                  <\/div>\n                <\/div>\n              <\/div>\n            <\/div>\n          <\/div>\n        <\/div>\n      <\/div>\n    <\/section>\n    <section class=\"u-align-center-sm u-align-center-xs u-clearfix u-palette-1-light-2 u-section-3\" id=\"carousel_aa9f\">\n      <div class=\"u-clearfix u-sheet u-sheet-1\">\n        <p class=\"u-align-center u-text u-text-1\">\n          <a href=\"https:\/\/www.google.com\/url?sa=t&amp;source=web&amp;rct=j&amp;opi=89978449&amp;url=\/maps\/place\/\/data%3D!4m2!3m1!1s0x47a89a6700b17407:0x9188ffd184ce78c4%3Fsa%3DX%26ved%3D1t:8290%26ictx%3D111&amp;ved=2ahUKEwj9j6-S4NWLAxUNBtsEHT24IBUQ4kB6BAgkEAM&amp;usg=AOvVaw36n5MZVSQirUn-4kIhNkuB\" class=\"u-active-none u-border-none u-btn u-button-style u-hover-none u-none u-text-palette-1-base u-btn-1\"><span style=\"font-weight: 700;\">Reitstall Peters&nbsp;&nbsp; <\/span>\n            <br><span style=\"font-weight: 700;\">Im Winkel 22 &nbsp; 14822 Br\u00fcck<\/span>\n          <\/a><span style=\"font-weight: 700;\">\n            <br><span class=\"u-text-palette-1-dark-1\">&nbsp;&nbsp; Mail <font>reitstall-peters@t-online.de<\/font><\/span><\/span>\n          <br><span style=\"font-weight: 700;\" class=\"u-text-palette-1-dark-1\">\n            <font>K.Komitsch 0173 - 616 29 08<br>J.Peters 0173 - 533 16 84\n            <\/font><\/span>\n          <br>\n        <\/p>\n        <img decoding=\"async\" class=\"u-image u-image-default u-image-1\" src=\"https:\/\/reitstall-peters.de\/wp-content\/uploads\/2025\/10\/fn-sch-neu.jpg\" alt=\"\" data-image-width=\"2299\" data-image-height=\"903\">\n      <\/div>\n    <\/section>\n    <section class=\"u-clearfix u-container-align-center u-palette-1-light-2 u-section-4\" id=\"block-1\">\n      <div class=\"u-clearfix u-sheet u-sheet-1\"><\/div>\n    <\/section>\n    \n    \n    \n    \n  \n<\/div>","protected":false},"excerpt":{"rendered":"<p>Pferdesport und Erholung in Baitz im Fl\u00e4ming Wir widmen uns der Pferdezucht, Pensionshaltung und Ausbildung von Pferd und Reiter. Wir bieten Reiturlaub und Reitunterricht f\u00fcr Kinder und Erwachsene. Auf dem Bauernhof f\u00fchren wir im Naturpark Hoher Fl\u00e4ming eine Wanderreitstation und vermieten Ferienwohnungen. Reithalle, Grillplatz, Liegewiese, Fahrr\u00e4der, Reiterstube stehen zur Verf\u00fcgung. Kinder k\u00f6nnen in den Ferien [&hellip;]<\/p>\n","protected":false},"author":1,"featured_media":0,"parent":0,"menu_order":7,"comment_status":"closed","ping_status":"closed","template":"","meta":{"footnotes":""},"class_list":["post-56","page","type-page","status-publish","hentry"],"_links":{"self":[{"href":"https:\/\/reitstall-peters.de\/index.php?rest_route=\/wp\/v2\/pages\/56","targetHints":{"allow":["GET"]}}],"collection":[{"href":"https:\/\/reitstall-peters.de\/index.php?rest_route=\/wp\/v2\/pages"}],"about":[{"href":"https:\/\/reitstall-peters.de\/index.php?rest_route=\/wp\/v2\/types\/page"}],"author":[{"embeddable":true,"href":"https:\/\/reitstall-peters.de\/index.php?rest_route=\/wp\/v2\/users\/1"}],"replies":[{"embeddable":true,"href":"https:\/\/reitstall-peters.de\/index.php?rest_route=%2Fwp%2Fv2%2Fcomments&post=56"}],"version-history":[{"count":1,"href":"https:\/\/reitstall-peters.de\/index.php?rest_route=\/wp\/v2\/pages\/56\/revisions"}],"predecessor-version":[{"id":63,"href":"https:\/\/reitstall-peters.de\/index.php?rest_route=\/wp\/v2\/pages\/56\/revisions\/63"}],"wp:attachment":[{"href":"https:\/\/reitstall-peters.de\/index.php?rest_route=%2Fwp%2Fv2%2Fmedia&parent=56"}],"curies":[{"name":"wp","href":"https:\/\/api.w.org\/{rel}","templated":true}]}}