{"id":51,"date":"2025-10-06T17:37:36","date_gmt":"2025-10-06T17:37:36","guid":{"rendered":"https:\/\/reitstall-peters.de\/?page_id=51"},"modified":"2025-10-06T17:37:42","modified_gmt":"2025-10-06T17:37:42","slug":"veranstaltungen","status":"publish","type":"page","link":"https:\/\/reitstall-peters.de\/?page_id=51","title":{"rendered":"Veranstaltungen"},"content":{"rendered":"<div class=\"\" style=\"\" >\n  \n    <section class=\"u-align-center u-clearfix u-container-align-center u-palette-1-light-1 u-section-1\" id=\"carousel_91ec\">\n      <div class=\"u-align-center u-container-align-center u-container-style u-expanded-width u-group u-image u-shading u-image-1\" data-image-width=\"1833\" data-image-height=\"594\" style=\"background-image: linear-gradient(0deg, rgba(0, 0, 0, 0.01), rgba(0, 0, 0, 0.01)), url(&quot;https:\/\/reitstall-peters.de\/wp-content\/uploads\/2025\/10\/Turnierplatz.jpg&quot;);\">\n        <div class=\"u-container-layout u-valign-middle-lg u-valign-middle-md u-valign-middle-sm u-valign-middle-xl u-container-layout-1\">\n          <h1 class=\"u-align-center u-text u-text-body-alt-color u-text-1\" data-animation-name=\"customAnimationIn\" data-animation-duration=\"1500\" data-animation-delay=\"500\"><span style=\"font-size: 3rem;\">Pferdesport und Erholung <\/span><span style=\"font-size: 3rem;\">\n              <br>in Baitz im Fl\u00e4ming<\/span>\n            <br>\n          <\/h1>\n        <\/div>\n      <\/div>\n      <div class=\"u-container-style u-expanded-width u-group u-palette-1-base u-group-2\">\n        <div class=\"u-container-layout u-valign-middle-xs u-valign-top-lg u-valign-top-sm u-container-layout-2\">\n          <p class=\"u-text u-text-2\"> Der Reitstall Peters bietet \u00fcbers ganze Jahr verschiedene Veranstaltungen an.<br>F\u00fcr die Teilnahme an Turnieren, braucht man eine Mitgliedschaft in einem Verein. <br>Mit der Mitgliedschaft im RFV Schwanebeck, k\u00f6nnen Sie an s\u00e4mtlichen Turnieren starten. <br>Nat\u00fcrlich auch auf unserem Reit-und Springturnier Ende September in Baitz. <br>\n          <\/p>\n        <\/div>\n      <\/div>\n    <\/section>\n    <section class=\"u-clearfix u-valign-middle-md u-valign-middle-sm u-section-2\" id=\"carousel_5adf\">\n      <div class=\"data-layout-selected u-clearfix u-expanded-width u-gutter-0 u-layout-wrap u-radius u-layout-wrap-1\">\n        <div class=\"u-layout\">\n          <div class=\"u-layout-row\">\n            <div class=\"u-align-center u-container-align-center u-container-style u-layout-cell u-left-cell u-palette-1-light-1 u-shape-rectangle u-size-60 u-layout-cell-1\" data-animation-name=\"flipIn\" data-animation-duration=\"1500\" data-animation-delay=\"700\" data-animation-direction=\"X\">\n              <div class=\"u-container-layout u-valign-middle-lg u-valign-middle-sm u-container-layout-1\">\n                <div class=\"custom-expanded u-list u-list-1\">\n                  <div class=\"u-repeater u-repeater-1\">\n                    <div class=\"u-container-style u-list-item u-radius u-repeater-item u-shape-round u-video-cover u-white u-list-item-1\" data-animation-name=\"customAnimationIn\" data-animation-duration=\"1500\" data-animation-delay=\"500\">\n                      <div class=\"u-container-layout u-similar-container u-container-layout-2\">\n                        <img decoding=\"async\" class=\"u-image u-image-contain u-image-default u-image-1\" src=\"https:\/\/reitstall-peters.de\/wp-content\/uploads\/2025\/10\/Baitz-Verein-Vorstand-scaled.jpg\" alt=\"\" data-image-width=\"2915\" data-image-height=\"1377\">\n                        <h4 class=\"u-align-left u-text u-text-1\">&nbsp;Reit-und Fahrverein Schwanebeck <\/h4>\n                        <p class=\"u-align-left u-text u-text-2\"> Der\n Reit- und Fahrverein Schwanebeck bietet seit 1970 vielen Reitern und \nReiterinnen eine erfolgreiche Teilnahme und Betreuung an Turnieren, \nsowie die sportliche und geistige Unterst\u00fctzung. Wir organisieren neben \nTrainingseinheiten, Abzeichenpr\u00fcfungen und Turnieren, auch nette Beisammensein um den \nZusammenhalt innerhalb des Teams, aber auch die sportliche Leistung \nunserer Mitglieder zu f\u00f6rdern. \nOb Reitanf\u00e4nger, Turnierprofi oder einfach nur Pferdeliebhaber - hier findet jeder seinen individuellen Umgang mit dem Pferd!<br>\n                        <\/p>\n                        <a href=\"https:\/\/www.rfv-schwanebeck.com\/\" class=\"u-btn u-btn-round u-button-style u-hover-palette-1-light-1 u-palette-1-base u-radius u-btn-1\" target=\"_blank\">Homepage&nbsp;&nbsp; RFV Schwanebeck<\/a>\n                      <\/div>\n                    <\/div>\n                  <\/div>\n                <\/div>\n              <\/div>\n            <\/div>\n          <\/div>\n        <\/div>\n      <\/div>\n    <\/section>\n    <section class=\"u-align-center-sm u-align-center-xs u-clearfix u-palette-1-light-2 u-section-3\" id=\"carousel_aa9f\">\n      <div class=\"u-clearfix u-sheet u-valign-middle-xs u-sheet-1\">\n        <p class=\"u-align-center u-text u-text-1\">\n          <a href=\"https:\/\/www.google.com\/url?sa=t&amp;source=web&amp;rct=j&amp;opi=89978449&amp;url=\/maps\/place\/\/data%3D!4m2!3m1!1s0x47a89a6700b17407:0x9188ffd184ce78c4%3Fsa%3DX%26ved%3D1t:8290%26ictx%3D111&amp;ved=2ahUKEwj9j6-S4NWLAxUNBtsEHT24IBUQ4kB6BAgkEAM&amp;usg=AOvVaw36n5MZVSQirUn-4kIhNkuB\" class=\"u-active-none u-border-none u-btn u-button-style u-hover-none u-none u-text-palette-1-base u-btn-1\"><span style=\"font-weight: 700;\">Reitstall Peters&nbsp;&nbsp; <\/span>\n            <br><span style=\"font-weight: 700;\">Im Winkel 22 &nbsp; 14822 Br\u00fcck<\/span>\n          <\/a><span style=\"font-weight: 700;\">\n            <br><span class=\"u-text-palette-1-dark-1\">&nbsp;&nbsp; Mail <font>reitstall-peters@t-online.de<\/font><\/span><\/span>\n          <br>\n        <\/p>\n      <\/div>\n    <\/section>\n    <section class=\"u-clearfix u-container-align-center u-palette-1-light-2 u-section-4\" id=\"block-1\">\n      <div class=\"u-clearfix u-sheet u-sheet-1\"><\/div>\n    <\/section>\n    \n    \n    \n    \n  \n<\/div>","protected":false},"excerpt":{"rendered":"<p>Pferdesport und Erholung in Baitz im Fl\u00e4ming Der Reitstall Peters bietet \u00fcbers ganze Jahr verschiedene Veranstaltungen an.F\u00fcr die Teilnahme an Turnieren, braucht man eine Mitgliedschaft in einem Verein. Mit der Mitgliedschaft im RFV Schwanebeck, k\u00f6nnen Sie an s\u00e4mtlichen Turnieren starten. Nat\u00fcrlich auch auf unserem Reit-und Springturnier Ende September in Baitz. &nbsp;Reit-und Fahrverein Schwanebeck Der Reit- [&hellip;]<\/p>\n","protected":false},"author":1,"featured_media":0,"parent":0,"menu_order":2,"comment_status":"closed","ping_status":"closed","template":"","meta":{"footnotes":""},"class_list":["post-51","page","type-page","status-publish","hentry"],"_links":{"self":[{"href":"https:\/\/reitstall-peters.de\/index.php?rest_route=\/wp\/v2\/pages\/51","targetHints":{"allow":["GET"]}}],"collection":[{"href":"https:\/\/reitstall-peters.de\/index.php?rest_route=\/wp\/v2\/pages"}],"about":[{"href":"https:\/\/reitstall-peters.de\/index.php?rest_route=\/wp\/v2\/types\/page"}],"author":[{"embeddable":true,"href":"https:\/\/reitstall-peters.de\/index.php?rest_route=\/wp\/v2\/users\/1"}],"replies":[{"embeddable":true,"href":"https:\/\/reitstall-peters.de\/index.php?rest_route=%2Fwp%2Fv2%2Fcomments&post=51"}],"version-history":[{"count":1,"href":"https:\/\/reitstall-peters.de\/index.php?rest_route=\/wp\/v2\/pages\/51\/revisions"}],"predecessor-version":[{"id":58,"href":"https:\/\/reitstall-peters.de\/index.php?rest_route=\/wp\/v2\/pages\/51\/revisions\/58"}],"wp:attachment":[{"href":"https:\/\/reitstall-peters.de\/index.php?rest_route=%2Fwp%2Fv2%2Fmedia&parent=51"}],"curies":[{"name":"wp","href":"https:\/\/api.w.org\/{rel}","templated":true}]}}